**2 - 16*n - 86. Let r be y(-3). Let q(b) be the first derivative of 4*b**2 - 1/4*b**4 + 0*b + 1 + 2*b**3. Give q(r).
7
Let x(y) = 3*y**2 + y - 1. Let r(o) = -o**2 + 3*o - 3. Let i be r(-7). Let l = -114 - i. Let d = l + 39. Calculate x(d).
9
Let n(a) = -2069*a**2 + 3*a - a**3 - 2070*a**2 - 2078*a**2 + 6219*a**2. Let c be (-23)/(-7) + 2/(-7). Calculate n(c).
0
Suppose -105*w + 4*i = -109*w, 3*i - 18 = 0. Let a(h) = -h**2 - 9*h - 5. Let v(j) = -j**2 - 9*j - 6. Let s(n) = 2*a(n) - 3*v(n). Give s(w).
-10
Let a be (-165)/7 + 3/(-7). Let g be 3/2*(-11 - 248/a). Let q(m) = -29*m**3 + m**2 - 1. Calculate q(g).
29
Let h(j) = -j**3 - j**2 + j + 6. Let f be h(0). Let l(x) be the second derivative of x**5/20 - 5*x**4/12 - 5*x**3/6 - 13*x**2/2 + 42873*x. Determine l(f).
-7
Let c(s) = 4*s**2 + s - 8. Let y be c(-3). Suppose 9*t = 8*t + 3*o - 29, 5*o = y. Let i(g) = g**2 + 11*g - 48. Give i(t).
-6
Let y(c) = -c**3 + 6*c**2 - 3*c + 8. Let l = -46 + 48. Suppose 3*t - 8 = -q, 3*t + 0 = 2*q + l. Suppose -5*g + q*g = -18. Calculate y(g).
-10
Suppose 54*f = -53*f + 12*f - 570. Let h(w) = w**3 + 7*w**2 + 5*w - 12. Calculate h(f).
-6
Suppose 18160 = 12*v + 18196. Let r(x) = -x + 2. What is r(v)?
5
Let t(u) = -u**2 + 25*u - 41. Let p be t(23). Suppose 3*c + 3*z = -z + 20, 2*z = -4*c + 10. Suppose -l - p = -c*l. Let y(a) = 5*a + 4. What is y(l)?
-21
Let f(b) = 13*b**3 - 4*b**2 - 17*b - 33. Let o(a) = 21*a**3 - 6*a**2 - 26*a - 50. Let d(h) = -8*f(h) + 5*o(h). Determine d(-4).
-42
Let p(u) = -u**2 - u. Suppose -7*k - 231 = -14*k. Let h = -33 + k. Suppose -c + 0 - 3 = h, 2*m + 4*c = -18. Determine p(m).
-6
Let p(v) be the second derivative of v**4/24 + 24*v**2 + 19*v. Let k(s) be the first derivative of p(s). Calculate k(8).
8
Let w(d) = -d**2 - 4*d - 6. Suppose -22 = 54*o - 4 + 252. Give w(o).
-11
Let f(q) = 1131 + 1136 - 3396 + 38*q + 1127. Give f(1).
36
Suppose 212 = -110*j + 163*j. Let x(i) be the first derivative of 22 - 1/4*i**j + 7/3*i**3 - 8*i - 2*i**2. Calculate x(6).
4
Let f(d) = -2*d**2 + 1. Let y = 670 - 651. Suppose y*m = 11*m - 8. Give f(m).
-1
Let u(j) = -3*j - 7*j + 10*j - 2 + 2*j**3 + 3*j**2. Let g(i) = -2*i**2 - 9*i + 6. Let a be g(-5). Let m(w) = -w**2 - 1. Let z be m(a). What is u(z)?
-6
Let j(k) = -15 + 12997*k**2 - 6501*k**2 - 6495*k**2 + 9*k. Determine j(-9).
-15
Let f(s) = -26*s - 8. Suppose -201 = -86*g + 412 - 183. What is f(g)?
-138
Suppose -m = 2*m + 27. Let a(g) = g + 5. Let f be a(m). Let j(c) = -2116*c + 2114*c - c**3 + 2 - 3*c**2 - 2*c**2. Calculate j(f).
-6
Let d(v) be the second derivative of -66*v + 11/2*v**2 + 0 + 1/12*v**4 + 11/6*v**3. Determine d(-8).
-13
Let o be -32*12/16*1. Let b(d) = -5*d - 139. Let i be b(o). Let n(r) = r + 17. Calculate n(i).
-2
Suppose 3*g - 5*i = 16, -4*i - 24 = -0*g - 4*g. Let l(w) = -234*w**2 + 5*w + 116*w**2 - 5 + 117*w**2 + 20. Let s be l(g). Let t(a) = 2*a. Determine t(s).
2
Let b(s) = -73*s + 2. Suppose -5*m - 18 = -7*d, -281*d = -280*d - 4. Give b(m).
-144
Let d(l) = -91*l**2 + 1637*l + 22. Let o be d(18). Let w(g) = g**2 + 2*g - 6. What is w(o)?
18
Let i be 6/15*(11 - 21). Let c = 4 - i. Let w(m) = m**2 - 6*m - 5. What is w(c)?
11
Let l = -393 - -385. Let h(n) = -3*n**2 - 26*n + 23. Let s(d) = -d**2 - 9*d + 8. Let w(j) = l*s(j) + 3*h(j). Let o be -3 + 3/1 + -7. Determine w(o).
-2
Let a(g) = -3*g**2 - 3 - 47*g + 54*g - 18*g + g**3 + 4*g**2. Determine a(-4).
-7
Let x(u) = 7*u + 8. Let k(i) = -5*i - 36. Let c be k(-7). Let s be x(c). Let n(t) = t + 3. Let j(m) = 2. Let q(a) = -5*j(a) + 3*n(a). Give q(s).
2
Let r(q) = q**3 + 2*q**2 - 24*q + 7. Let d be 0*((-4)/(-9) + 836/(-342) - -1). What is r(d)?
7
Suppose -3*d - 432 = -21*d. Suppose 5*q - 20 = 3*n - 0, -2*q - 2*n + d = 0. Let i(u) = u**3 - 8*u**2 + 6*u - 10. Give i(q).
-17
Suppose -2*v = -9*v + 14. Suppose -2*p - m - 10 = 0, v*p - 2 = 2*m - 6. Let z(x) be the second derivative of x**3/6 + 3*x**2/2 - 8*x. Determine z(p).
-1
Let o be 0/(-3)*(8 - 6)/2. Let x(z) = z**2 + 6*z + 43. Determine x(o).
43
Suppose 32*c - 42*c = 20. Let i(z) = -5*z + 2. Determine i(c).
12
Let w be -2*9/27 + (42/9)/(-2). Let i(m) = -2*m**2 - 19*m - 44. Determine i(w).
-5
Let f(r) = -25*r + 2. Let m be (155/(-186))/(5/(-8)) - (-10)/(-3). What is f(m)?
52
Suppose 8 = 4*g - 4. Let r(v) = v - v**2 - 11*v**g + 0 + v**3 + 0. Let o = 565 + -564. Give r(o).
-10
Let k(q) = -4 - 25*q - 50 + 9*q - 50. Give k(-7).
8
Suppose -2*l + 27*i = 23*i - 8, -4*i = -3*l + 10. Let j(q) = -q**2 + 2*q + 5. Let w be j(l). Let p(v) = -2*v**2 + 4*v + 2. What is p(w)?
-28
Let q(y) be the third derivative of -y**8/20160 + y**6/120 - y**5/20 - 11*y**4/24 - y**2 - 32*y. Let u(v) be the third derivative of q(v). What is u(0)?
6
Let a = 11 + -9. Suppose 0 = 5*s - 2*d - 7, 71*d = 4*s + 69*d - 4. Let f(l) = -6*l**3 + s*l**3 - 4*l**a + l + 4*l**3 - 6*l - 7. Give f(5).
-7
Let p(n) = n**3 - 7*n**2 - 3*n + 7. Let w be (-5)/(-3)*5922/1410. Calculate p(w).
-14
Let y(v) = -4*v + 4. Let l = 1163 + -1176. Determine y(l).
56
Let z(x) be the second derivative of x**5/10 + 7*x**4/6 - 7*x**3/3 + 5*x**2 - 26*x - 4. Calculate z(-8).
-6
Let g(f) = -17068 + 17067 - 62*f**2 + f - f. Determine g(-1).
-63
Let l be (-2 - (3/(-1) - 3)) + -2. Let a(x) = 19*x**3 - x - 20*x**3 - 7 + l*x. Calculate a(0).
-7
Let g = 11 - 2. Let m(k) = -2*k + 5. Let c(f) = -13*f + 25. Let j(z) = c(z) - 6*m(z). What is j(g)?
-14
Suppose -4*k = k + p + 44, -5*k - 28 = -3*p. Let a(y) = 3*y + 58*y**3 - 3*y - 27*y**3 - 30*y**3 + 7*y**2 - 11*y - 6. Give a(k).
18
Let w(k) = 7*k**3 - 3*k**2 + 2*k. Suppose -5*b = v - 17, -2 + 11 = 3*b. Determine w(v).
48
Let a = -246 - -248. Let l(v) = -4*v**2 + 2*v - 5. Let p(x) = -x + 0 - x**2 + 2 + 3*x**2 - x**2. Let k(t) = a*l(t) + 7*p(t). What is k(-5)?
-6
Let x(v) = 39*v**2 - 52. Let c(i) = 3*i**2 + 5. Let l(m) = m**2 + 1. Let q(y) = c(y) - 4*l(y). Let k(b) = 52*q(b) + x(b). What is k(1)?
-13
Let y(c) = 19*c + 935. Let s be 77220/(-1573) + 2/22. Determine y(s).
4
Let a(o) = -105453*o**3 + 105454*o**3 + 14 + 8*o - 1 - 12*o**2 + 0*o - 1. What is a(10)?
-108
Suppose 76 = -81*y + 58 + 1152. Let k(f) = -f**3 + 14*f**2 + 4*f - 51. Determine k(y).
5
Let i(t) be the third derivative of 0*t**4 + 2*t**3 + 0*t + 1/60*t**5 + 0 + 100*t**2. What is i(0)?
12
Let t(a) = 3 - 1 + 1226*a - 1196*a + 3. Determine t(-1).
-25
Let m = -271 - -266. Let n be (m/(-2) - 4) + (-60)/24. Let l(w) = -5*w - 10. Calculate l(n).
10
Let x(f) = 4*f**2 + 3*f + 9. Let z be (2/(-4) - 8)*2/1. Let t(m) = 11*m**2 + 8*m + 25. Let i(q) = z*x(q) + 6*t(q). Let d = 6 - 8. Give i(d).
-5
Let x(b) be the first derivative of 2*b**2 - 1/4*b**4 - 128 + 3*b + b**3. Determine x(4).
3
Let x(f) = f + 2. Let o be x(2). Let k(q) = 2*q**2 + 438*q**3 - 236*q**3 - 8*q**2 + 6*q - 201*q**3 + 2. What is k(o)?
-6
Let l(i) = -10*i**2 + i. Let f = -3005 - -3006. Give l(f).
-9
Let z be 2 - ((-150)/5)/(-5). Let b(y) = 1 + 0 - 3*y + 3 + 4*y. Calculate b(z).
0
Let q = 6878 + -6860. Let s(j) = j**2 - 20*j + 23. Calculate s(q).
-13
Let k(o) = -1 + 231*o - 131*o - o**2 - 122*o - 30 - 3. What is k(-20)?
6
Let j(t) = t - 12. Let c be j(17). Let u = 9 - c. Suppose -g = 4*k - k - u, -2*k + 2 = 0. Let d(h) = 4*h**2 - h. What is d(g)?
3
Let k(m) = m**3 - 11*m**2 + m + 12. Let h(c) = 4*c**2 + 35*c + 2. Let w be h(-9). Calculate k(w).
23
Let d(o) = 148*o - 177*o - 22 + 3*o**3 + 27*o**2 + 4 - 2*o**3. Give d(-28).
10
Let o(f) = f**2 - 55*f - 2218. Let z be o(-27). Let n(c) = c**2 + 9*c + 4. What is n(z)?
-16
Let z be 460/(-110) + 7/((-154)/(-4)) + 4. Let a(v) = 6*v**3 - v**2 + 29. Let y(c) = 5*c**3 - c**2 + 30. Let i(o) = 4*a(o) - 5*y(o). What is i(z)?
-34
Let x(g) = -3*g + g**3 + 3*g**2 + 2 + 0*g + g - g**2. Let h be (13 - 11 - 14/(-1))/2. Suppose h = 9*q + 35. What is x(q)?
-1
Let g(m) = 2*m**2 - 23*m + 10. Let c = -12298 + 12310. Calculate g(c).
22
Suppose 6 = 5*z - 4. Let l(k) = 0*k - k + 1560 - 2*k**z - 1564 + k**3. Determine l(3).
2
Suppose -65*m + 6*m = 235 - 707. Let z(b) = b**2 - 4. What is z(m)?
60
Suppose 4*o - 15 - 27 = -v, 0 = -4*v + 3*o + 244. Let r(f) = -5 - 61*f + v*f + 2*f. Determine r(-6).
1
Let w(i) be the first derivative of -3*i**2/2 + 103*i + 10795. Give w(29).
16
Let m be (-54)/(-10) + 4/(-10). Let h(x) = x - x**2 - m + 1 + 5. Suppose 427 = -70*z - 57*z + 46. What is h(z)?
-11
Suppose -5